{"id":1815,"date":"2026-05-05T14:49:49","date_gmt":"2026-05-05T12:49:49","guid":{"rendered":"https:\/\/sites.abo.fi\/relex\/?page_id=1815"},"modified":"2026-05-08T11:56:55","modified_gmt":"2026-05-08T09:56:55","slug":"osallistu-relex-tutkimukseen","status":"publish","type":"page","link":"https:\/\/sites.abo.fi\/relex\/osallistu-relex-tutkimukseen\/","title":{"rendered":"Osallistu RelEx-tutkimukseen"},"content":{"rendered":"\n<h2 class=\"wp-block-heading has-theme-palette-1-color has-text-color has-link-color wp-elements-8e24b005f594bf81297638efad8cb720\">Osallistu RelEx-tutkimukseen<\/h2>\n\n\n\n<p><strong>Nuori aikuinen? HLBTIQA+? Uskonnollinen? Uskonnoton? Jotain muuta?<\/strong><\/p>\n\n\n\n<p>Osallistu tutkimukseen ja auta meit\u00e4 ymm\u00e4rt\u00e4m\u00e4\u00e4n maailmankatsomusten ja sosiaalisen syrj\u00e4ytymisen v\u00e4list\u00e4 vuorovaikutusta.<\/p>\n\n\n\n<p class=\"has-theme-palette-1-color has-text-color has-link-color wp-elements-2196b221d69a05e0a8f2a458b2fadbcb\"><strong>Ajatuksesi ja kokemuksesi ovat t\u00e4rkeit\u00e4!<\/strong><\/p>\n\n\n\n<p>\u00c5bo Akademin tutkimushankkeen Religion and Social Exclusion (RelEx) tavoitteena on lis\u00e4t\u00e4 tietoa maailmankatsomusten ja sosiaalisen syrj\u00e4ytymisen v\u00e4lisest\u00e4 vuorovaikutuksesta <strong>18\u201330-vuotiaiden<\/strong> nuorten aikuisten keskuudessa.<\/p>\n\n\n\n<p class=\"has-theme-palette-1-color has-text-color has-link-color wp-elements-f921636986d21763c5d35d25b5998c29\"><strong>Toivomme, ett\u00e4 osallistut tutkimukseen.<\/strong><\/p>\n\n\n<style>.kb-table-container1815_d07efc-db{overflow-x:auto;}.kb-table1815_d07efc-db td:nth-of-type(1), .kb-table1815_d07efc-db th:nth-of-type(1){width:30%;}.kb-table1815_d07efc-db td:nth-of-type(2), .kb-table1815_d07efc-db th:nth-of-type(2){width:30%;}.kb-table1815_d07efc-db{table-layout:fixed;width:100%;}.kb-table-container .kb-table1815_d07efc-db th{padding-top:var(--global-kb-spacing-xxs, 0.5rem);padding-right:var(--global-kb-spacing-xxs, 0.5rem);padding-bottom:var(--global-kb-spacing-xxs, 0.5rem);padding-left:var(--global-kb-spacing-xxs, 0.5rem);text-align:center;}.kb-table-container .kb-table1815_d07efc-db td{padding-top:var(--global-kb-spacing-xxs, 0.5rem);padding-right:var(--global-kb-spacing-xxs, 0.5rem);padding-bottom:var(--global-kb-spacing-xxs, 0.5rem);padding-left:var(--global-kb-spacing-xxs, 0.5rem);text-align:left;}<\/style><div class=\"kb-table-container kb-table-container1815_d07efc-db wp-block-kadence-table\"><table class=\"kb-table kb-table1815_d07efc-db\">\n<tr class=\"kb-table-row kb-table-row1815_67cff4-93\">\n<td class=\"kb-table-data kb-table-data1815_8a7b87-52\">\n\n<p>Siirry kyselyyn linkin tai QR-koodin kautta:<\/p>\n\n\n\n<p><strong><a href=\"http:\/\/redcap.link\/RelEx.lomake\" data-type=\"link\" data-id=\"redcap.link\/RelEx.lomake\">redcap.link\/RelEx.lomake<\/a><\/strong><\/p>\n\n<\/1815_8a7b87-52>\n\n<td class=\"kb-table-data kb-table-data1815_115820-f1\">\n\n<figure class=\"wp-block-image size-full\"><img loading=\"lazy\" decoding=\"async\" width=\"147\" height=\"147\" src=\"https:\/\/sites.abo.fi\/relex\/wp-content\/uploads\/sites\/12\/2026\/05\/image-3.png\" alt=\"\" class=\"wp-image-1816\" \/><\/figure>\n\n<\/1815_115820-f1>\n<\/tr>\n<\/table><\/div>","protected":false},"excerpt":{"rendered":"<p>Osallistu RelEx-tutkimukseen Nuori aikuinen? HLBTIQA+? Uskonnollinen? Uskonnoton? Jotain muuta? Osallistu tutkimukseen ja auta meit\u00e4 ymm\u00e4rt\u00e4m\u00e4\u00e4n maailmankatsomusten ja sosiaalisen syrj\u00e4ytymisen v\u00e4list\u00e4 vuorovaikutusta. Ajatuksesi ja kokemuksesi ovat t\u00e4rkeit\u00e4! \u00c5bo Akademin tutkimushankkeen Religion and Social Exclusion (RelEx) tavoitteena on lis\u00e4t\u00e4 tietoa maailmankatsomusten ja sosiaalisen syrj\u00e4ytymisen v\u00e4lisest\u00e4 vuorovaikutuksesta 18\u201330-vuotiaiden nuorten aikuisten keskuudessa. Toivomme, ett\u00e4 osallistut tutkimukseen.<\/p>\n","protected":false},"author":8,"featured_media":0,"parent":0,"menu_order":0,"comment_status":"closed","ping_status":"closed","template":"","meta":{"_acf_changed":false,"inline_featured_image":false,"_kad_blocks_custom_css":"","_kad_blocks_head_custom_js":"","_kad_blocks_body_custom_js":"","_kad_blocks_footer_custom_js":"","_kad_post_transparent":"","_kad_post_title":"","_kad_post_layout":"","_kad_post_sidebar_id":"","_kad_post_content_style":"","_kad_post_vertical_padding":"","_kad_post_feature":"","_kad_post_feature_position":"","_kad_post_header":false,"_kad_post_footer":false,"_kad_post_classname":"","footnotes":""},"class_list":["post-1815","page","type-page","status-publish","hentry"],"acf":[],"lang":"en","translations":{"en":1815},"taxonomy_info":[],"featured_image_src_large":false,"author_info":{"display_name":"isabry","author_link":"https:\/\/sites.abo.fi\/relex\/author\/3\/"},"comment_info":0,"pll_sync_post":[],"_links":{"self":[{"href":"https:\/\/sites.abo.fi\/relex\/wp-json\/wp\/v2\/pages\/1815","targetHints":{"allow":["GET"]}}],"collection":[{"href":"https:\/\/sites.abo.fi\/relex\/wp-json\/wp\/v2\/pages"}],"about":[{"href":"https:\/\/sites.abo.fi\/relex\/wp-json\/wp\/v2\/types\/page"}],"author":[{"embeddable":true,"href":"https:\/\/sites.abo.fi\/relex\/wp-json\/wp\/v2\/users\/8"}],"replies":[{"embeddable":true,"href":"https:\/\/sites.abo.fi\/relex\/wp-json\/wp\/v2\/comments?post=1815"}],"version-history":[{"count":6,"href":"https:\/\/sites.abo.fi\/relex\/wp-json\/wp\/v2\/pages\/1815\/revisions"}],"predecessor-version":[{"id":1851,"href":"https:\/\/sites.abo.fi\/relex\/wp-json\/wp\/v2\/pages\/1815\/revisions\/1851"}],"wp:attachment":[{"href":"https:\/\/sites.abo.fi\/relex\/wp-json\/wp\/v2\/media?parent=1815"}],"curies":[{"name":"wp","href":"https:\/\/api.w.org\/{rel}","templated":true}]}}