{"id":2964,"date":"2025-10-31T09:07:16","date_gmt":"2025-10-31T06:07:16","guid":{"rendered":"https:\/\/sites.abo.fi\/centre-for-sustainable-ocean-science\/?page_id=2964"},"modified":"2025-10-31T09:25:52","modified_gmt":"2025-10-31T06:25:52","slug":"cariz-nordlof-murto","status":"publish","type":"page","link":"https:\/\/sites.abo.fi\/centre-for-sustainable-ocean-science\/news-and-events\/cariz-nordlof-murto\/","title":{"rendered":"Cariz Nordl\u00f6f: Murto"},"content":{"rendered":"\n<h1 class=\"wp-block-heading has-theme-palette-1-color has-text-color has-link-color wp-elements-338c896f0f612b0b354af95d8b9df59d\" style=\"font-style:normal;font-weight:600\">Cariz Nordl\u00f6f: Murto (sv. Br\u00e4ckt)<\/h1>\n\n\n<div class=\"wp-block-image\">\n<figure class=\"alignright size-full is-resized\"><img loading=\"lazy\" decoding=\"async\" width=\"466\" height=\"664\" src=\"https:\/\/sites.abo.fi\/centre-for-sustainable-ocean-science\/wp-content\/uploads\/sites\/11\/2025\/10\/Cariz_Nordlof.jpg\" alt=\"\" class=\"wp-image-2970\" style=\"width:auto;height:350px\" srcset=\"https:\/\/sites.abo.fi\/centre-for-sustainable-ocean-science\/wp-content\/uploads\/sites\/11\/2025\/10\/Cariz_Nordlof.jpg 466w, https:\/\/sites.abo.fi\/centre-for-sustainable-ocean-science\/wp-content\/uploads\/sites\/11\/2025\/10\/Cariz_Nordlof-211x300.jpg 211w\" sizes=\"auto, (max-width: 466px) 100vw, 466px\" \/><\/figure>\n<\/div>\n\n\n<p style=\"font-size:18px\">Cariz Nordl\u00f6f (f.1992) \u00e4r en iransk-svensk konstn\u00e4r som studerar masterprogrammet i konst p\u00e5 Konstfack i Stockholm. Hennes arbeten vilar i gr\u00e4nslandet mellan vetenskap, poesi och filosofi. Genom skulptur, ljudverk och performance har hon i tidigare konstverk f\u00f6rdjupat sig i teman som ber\u00f6r Karunfloden i Iran, tidsresor genom skulpturer, minnen av salt och vem som kan \u00e5terv\u00e4nda till jord. Fragment av ljus och m\u00f6rker vibrerar alltid som en underton i hennes konstverk. Cariz Nordl\u00f6fs verk har bland annat visats i Botaniska tr\u00e4dg\u00e5rden i Uppsala, p\u00e5 konsthallen Accelerator i Stockholm och Motala industrimuseum.<\/p>\n\n\n\n<p style=\"font-size:18px\">Konstverket <em>Murto <\/em>(sv. Br\u00e4ckt) \u00e4r en komposition av performance och skulptur. \u00c5h\u00f6raren dirigeras till ett lyssnande och r\u00f6relsem\u00f6nster som p\u00e5minner om \u00d6stersj\u00f6n. Pl\u00f6tsligt intar havet konserthallen p\u00e5 Sibeliusmus\u00e9et! Liksom att den intagit skulpturen i betong, formgiven efter den svenska lagbokens dimensioner. M\u00e4ssingsplattan insjunken p\u00e5 framsidan av skulpturen framkallar ett oxiderat minne av alla vapen som dumpats i \u00d6stersj\u00f6n efter andra v\u00e4rldskriget. Genom performance och skulptur existerar <em>Murto <\/em>i olika v\u00e4der f\u00f6r att n\u00e4rma sig havets r\u00f6st och r\u00e4tt. <\/p>\n\n\n\n<h2 class=\"wp-block-heading has-theme-palette-1-color has-text-color has-link-color has-medium-font-size wp-elements-7e2a5ceb40705fedcc9dc9a5a5d7f40f\" style=\"font-style:normal;font-weight:400\"><a href=\"https:\/\/sites.abo.fi\/centre-for-sustainable-ocean-science\/events\/konsten-att-radda-ostersjon\/\"><span style=\"text-decoration: underline\">Konsten att r\u00e4dda \u00d6stersj\u00f6n \u2013 bland paragrafer och performance<\/span><\/a><br>4.11 kl. 18.00<br>Sibeliusmuseum<br><\/h2>\n","protected":false},"excerpt":{"rendered":"<p>Cariz Nordl\u00f6f: Murto (sv. Br\u00e4ckt) Cariz Nordl\u00f6f (f.1992) \u00e4r en iransk-svensk konstn\u00e4r som studerar masterprogrammet i konst p\u00e5 Konstfack i Stockholm. Hennes arbeten vilar i gr\u00e4nslandet mellan vetenskap, poesi och filosofi. Genom skulptur, ljudverk och performance har hon i tidigare konstverk f\u00f6rdjupat sig i teman som ber\u00f6r Karunfloden i Iran, tidsresor genom skulpturer, minnen av&#8230;<\/p>\n","protected":false},"author":7,"featured_media":0,"parent":55,"menu_order":0,"comment_status":"closed","ping_status":"closed","template":"","meta":{"_acf_changed":false,"inline_featured_image":false,"_kad_blocks_custom_css":"","_kad_blocks_head_custom_js":"","_kad_blocks_body_custom_js":"","_kad_blocks_footer_custom_js":"","_kad_post_transparent":"","_kad_post_title":"","_kad_post_layout":"normal","_kad_post_sidebar_id":"","_kad_post_content_style":"","_kad_post_vertical_padding":"","_kad_post_feature":"","_kad_post_feature_position":"","_kad_post_header":false,"_kad_post_footer":false,"_kad_post_classname":"","footnotes":""},"class_list":["post-2964","page","type-page","status-publish","hentry"],"acf":[],"lang":"en","translations":{"en":2964},"taxonomy_info":[],"featured_image_src_large":false,"author_info":{"display_name":"mallehto","author_link":"https:\/\/sites.abo.fi\/centre-for-sustainable-ocean-science\/author\/2\/"},"comment_info":0,"pll_sync_post":[],"_links":{"self":[{"href":"https:\/\/sites.abo.fi\/centre-for-sustainable-ocean-science\/wp-json\/wp\/v2\/pages\/2964","targetHints":{"allow":["GET"]}}],"collection":[{"href":"https:\/\/sites.abo.fi\/centre-for-sustainable-ocean-science\/wp-json\/wp\/v2\/pages"}],"about":[{"href":"https:\/\/sites.abo.fi\/centre-for-sustainable-ocean-science\/wp-json\/wp\/v2\/types\/page"}],"author":[{"embeddable":true,"href":"https:\/\/sites.abo.fi\/centre-for-sustainable-ocean-science\/wp-json\/wp\/v2\/users\/7"}],"replies":[{"embeddable":true,"href":"https:\/\/sites.abo.fi\/centre-for-sustainable-ocean-science\/wp-json\/wp\/v2\/comments?post=2964"}],"version-history":[{"count":9,"href":"https:\/\/sites.abo.fi\/centre-for-sustainable-ocean-science\/wp-json\/wp\/v2\/pages\/2964\/revisions"}],"predecessor-version":[{"id":2984,"href":"https:\/\/sites.abo.fi\/centre-for-sustainable-ocean-science\/wp-json\/wp\/v2\/pages\/2964\/revisions\/2984"}],"up":[{"embeddable":true,"href":"https:\/\/sites.abo.fi\/centre-for-sustainable-ocean-science\/wp-json\/wp\/v2\/pages\/55"}],"wp:attachment":[{"href":"https:\/\/sites.abo.fi\/centre-for-sustainable-ocean-science\/wp-json\/wp\/v2\/media?parent=2964"}],"curies":[{"name":"wp","href":"https:\/\/api.w.org\/{rel}","templated":true}]}}