{"id":2199,"date":"2025-04-17T17:47:00","date_gmt":"2025-04-17T14:47:00","guid":{"rendered":"https:\/\/sites.abo.fi\/centre-for-sustainable-ocean-science\/?page_id=2199"},"modified":"2025-05-19T18:08:38","modified_gmt":"2025-05-19T15:08:38","slug":"pulloposti-22-2025","status":"publish","type":"page","link":"https:\/\/sites.abo.fi\/centre-for-sustainable-ocean-science\/publications\/pulloposti-22-2025\/","title":{"rendered":"Saaristomeren ja Ahvenanmaan vedenalaiset biodiversiteettimuutokset: haasteet ja mahdollisuudet poikkitieteellisell\u00e4 analyysill\u00e4"},"content":{"rendered":"\n<h1 class=\"wp-block-heading has-theme-palette-1-color has-text-color has-link-color wp-elements-ba426c80140a519b79e6ff3c44f7e171\">Saaristomeren ja Ahvenanmaan vedenalaiset biodiversiteettimuutokset: haasteet ja mahdollisuudet poikkitieteellisell\u00e4 analyysill\u00e4<\/h1>\n\n\n\n<h2 class=\"wp-block-heading has-medium-font-size\">Pulloposti 22\/2025<\/h2>\n\n\n\n<h2 class=\"wp-block-heading has-medium-font-size\">Teksti: Anna T\u00f6rnroos-Remes<\/h2>\n\n\n\n<div style=\"height:15px\" aria-hidden=\"true\" class=\"wp-block-spacer\"><\/div>\n\n\n<style>.wp-block-kadence-advancedbtn.kb-btns2199_a31468-7f{gap:var(--global-kb-gap-xs, 0.5rem );justify-content:flex-start;align-items:center;}.kt-btns2199_a31468-7f .kt-button{font-weight:normal;font-style:normal;}.kt-btns2199_a31468-7f .kt-btn-wrap-0{margin-right:5px;}.wp-block-kadence-advancedbtn.kt-btns2199_a31468-7f .kt-btn-wrap-0 .kt-button{color:#555555;border-color:#555555;}.wp-block-kadence-advancedbtn.kt-btns2199_a31468-7f .kt-btn-wrap-0 .kt-button:hover, .wp-block-kadence-advancedbtn.kt-btns2199_a31468-7f .kt-btn-wrap-0 .kt-button:focus{color:#ffffff;border-color:#444444;}.wp-block-kadence-advancedbtn.kt-btns2199_a31468-7f .kt-btn-wrap-0 .kt-button::before{display:none;}.wp-block-kadence-advancedbtn.kt-btns2199_a31468-7f .kt-btn-wrap-0 .kt-button:hover, .wp-block-kadence-advancedbtn.kt-btns2199_a31468-7f .kt-btn-wrap-0 .kt-button:focus{background:#444444;}<\/style>\n<div class=\"wp-block-kadence-advancedbtn kb-buttons-wrap kb-btns2199_a31468-7f\"><style>ul.menu .wp-block-kadence-advancedbtn .kb-btn2199_99ae6f-50.kb-button{width:initial;}<\/style><a class=\"kb-button kt-button button kb-btn2199_99ae6f-50 kt-btn-size-standard kt-btn-width-type-auto kb-btn-global-fill  kt-btn-has-text-true kt-btn-has-svg-false  wp-block-kadence-singlebtn\" href=\"https:\/\/www.centrumbalticum.org\/julkaisut\/pulloposti\/saaristomeren_ja_ahvenanmaan_vedenalaiset_biodiversiteettimuutokset_haasteet_ja_mahdollisuudet_poikkitieteellisella_analyysilla.7822.news\" target=\"_blank\" rel=\"noreferrer noopener\"><span class=\"kt-btn-inner-text\">Lue kirjoitus<\/span><\/a><\/div>\n\n\n<div class=\"wp-block-image\">\n<figure class=\"alignleft size-large is-resized\"><img loading=\"lazy\" decoding=\"async\" width=\"744\" height=\"1024\" src=\"https:\/\/sites.abo.fi\/centre-for-sustainable-ocean-science\/wp-content\/uploads\/sites\/11\/2025\/05\/Pulloposti-22-2025-kuva-744x1024.png\" alt=\"\" class=\"wp-image-2201\" style=\"width:400px\" srcset=\"https:\/\/sites.abo.fi\/centre-for-sustainable-ocean-science\/wp-content\/uploads\/sites\/11\/2025\/05\/Pulloposti-22-2025-kuva-744x1024.png 744w, https:\/\/sites.abo.fi\/centre-for-sustainable-ocean-science\/wp-content\/uploads\/sites\/11\/2025\/05\/Pulloposti-22-2025-kuva-218x300.png 218w, https:\/\/sites.abo.fi\/centre-for-sustainable-ocean-science\/wp-content\/uploads\/sites\/11\/2025\/05\/Pulloposti-22-2025-kuva-768x1057.png 768w, https:\/\/sites.abo.fi\/centre-for-sustainable-ocean-science\/wp-content\/uploads\/sites\/11\/2025\/05\/Pulloposti-22-2025-kuva.png 871w\" sizes=\"auto, (max-width: 744px) 100vw, 744px\" \/><\/figure>\n<\/div>\n\n\n<p style=\"font-size:18px\">&#8220;Merien monimuotoisuus on \u00e4\u00e4rimm\u00e4isen t\u00e4rke\u00e4 vihre\u00e4ss\u00e4 siirtym\u00e4ss\u00e4 ja kest\u00e4v\u00e4mm\u00e4n tulevaisuuden saavuttamisessa. Se vaikuttaa maapallon kest\u00e4vyyteen, ymp\u00e4rist\u00f6n terveyteen, taloudelliseen hyvinvointiin ja ihmisten hyvinvointiin. Merien monimuotoisuuden ja resurssien s\u00e4ilytt\u00e4minen, ennallistaminen ja kest\u00e4v\u00e4 hy\u00f6dynt\u00e4minen oikeudenmukaisesti on monimutkaista.&#8221;<\/p>\n\n\n\n<p style=\"font-size:18px\">\u00c5bo Akademin Centre for Sustainable Ocean Science (SOS) tutkii merten biodiversiteettiin liittyvi\u00e4 hankalia ongelmia sek\u00e4 meriluonnon monimuotoisuuden roolia yhteiskunnan kest\u00e4vyyssiirtym\u00e4ss\u00e4. SOS:n painopisteen\u00e4 on ensimm\u00e4isen toimintavuoden aikana ollut muun muassa merellisen biodiversiteetin tilan parempi arviointi Saaristomerell\u00e4 ja Ahvenanmaan saaristossa, apulaisprofessori Anna T\u00f6rnroos-Remes kirjoittaa Pullopostissa. <\/p>\n\n\n\n<p style=\"font-size:18px\">Pulloposti on Centrum Balticumin julkiasema It\u00e4meren alueen kehitykseen keskittyv\u00e4 kolumnisarja, joka rantautuu s\u00e4hk\u00f6postitse jo noin 10 000 suomalaiselle. <\/p>\n","protected":false},"excerpt":{"rendered":"<p>Saaristomeren ja Ahvenanmaan vedenalaiset biodiversiteettimuutokset: haasteet ja mahdollisuudet poikkitieteellisell\u00e4 analyysill\u00e4 Pulloposti 22\/2025 Teksti: Anna T\u00f6rnroos-Remes &#8220;Merien monimuotoisuus on \u00e4\u00e4rimm\u00e4isen t\u00e4rke\u00e4 vihre\u00e4ss\u00e4 siirtym\u00e4ss\u00e4 ja kest\u00e4v\u00e4mm\u00e4n tulevaisuuden saavuttamisessa. Se vaikuttaa maapallon kest\u00e4vyyteen, ymp\u00e4rist\u00f6n terveyteen, taloudelliseen hyvinvointiin ja ihmisten hyvinvointiin. Merien monimuotoisuuden ja resurssien s\u00e4ilytt\u00e4minen, ennallistaminen ja kest\u00e4v\u00e4 hy\u00f6dynt\u00e4minen oikeudenmukaisesti on monimutkaista.&#8221; \u00c5bo Akademin Centre for Sustainable Ocean&#8230;<\/p>\n","protected":false},"author":7,"featured_media":2200,"parent":2023,"menu_order":0,"comment_status":"closed","ping_status":"closed","template":"","meta":{"_acf_changed":false,"inline_featured_image":false,"_kad_blocks_custom_css":"","_kad_blocks_head_custom_js":"","_kad_blocks_body_custom_js":"","_kad_blocks_footer_custom_js":"","_kad_post_transparent":"","_kad_post_title":"","_kad_post_layout":"normal","_kad_post_sidebar_id":"","_kad_post_content_style":"default","_kad_post_vertical_padding":"","_kad_post_feature":"","_kad_post_feature_position":"","_kad_post_header":false,"_kad_post_footer":false,"_kad_post_classname":"","footnotes":""},"class_list":["post-2199","page","type-page","status-publish","has-post-thumbnail","hentry"],"acf":[],"lang":"en","translations":{"en":2199},"taxonomy_info":[],"featured_image_src_large":["https:\/\/sites.abo.fi\/centre-for-sustainable-ocean-science\/wp-content\/uploads\/sites\/11\/2025\/05\/Pulloposti-22-2025-1024x659.png",1024,659,true],"author_info":{"display_name":"mallehto","author_link":"https:\/\/sites.abo.fi\/centre-for-sustainable-ocean-science\/author\/2\/"},"comment_info":0,"pll_sync_post":[],"_links":{"self":[{"href":"https:\/\/sites.abo.fi\/centre-for-sustainable-ocean-science\/wp-json\/wp\/v2\/pages\/2199","targetHints":{"allow":["GET"]}}],"collection":[{"href":"https:\/\/sites.abo.fi\/centre-for-sustainable-ocean-science\/wp-json\/wp\/v2\/pages"}],"about":[{"href":"https:\/\/sites.abo.fi\/centre-for-sustainable-ocean-science\/wp-json\/wp\/v2\/types\/page"}],"author":[{"embeddable":true,"href":"https:\/\/sites.abo.fi\/centre-for-sustainable-ocean-science\/wp-json\/wp\/v2\/users\/7"}],"replies":[{"embeddable":true,"href":"https:\/\/sites.abo.fi\/centre-for-sustainable-ocean-science\/wp-json\/wp\/v2\/comments?post=2199"}],"version-history":[{"count":2,"href":"https:\/\/sites.abo.fi\/centre-for-sustainable-ocean-science\/wp-json\/wp\/v2\/pages\/2199\/revisions"}],"predecessor-version":[{"id":2203,"href":"https:\/\/sites.abo.fi\/centre-for-sustainable-ocean-science\/wp-json\/wp\/v2\/pages\/2199\/revisions\/2203"}],"up":[{"embeddable":true,"href":"https:\/\/sites.abo.fi\/centre-for-sustainable-ocean-science\/wp-json\/wp\/v2\/pages\/2023"}],"wp:featuredmedia":[{"embeddable":true,"href":"https:\/\/sites.abo.fi\/centre-for-sustainable-ocean-science\/wp-json\/wp\/v2\/media\/2200"}],"wp:attachment":[{"href":"https:\/\/sites.abo.fi\/centre-for-sustainable-ocean-science\/wp-json\/wp\/v2\/media?parent=2199"}],"curies":[{"name":"wp","href":"https:\/\/api.w.org\/{rel}","templated":true}]}}