{"id":684,"date":"2024-04-30T05:28:42","date_gmt":"2024-04-30T05:28:42","guid":{"rendered":"https:\/\/aboakademi.kmghost.com\/?page_id=55"},"modified":"2026-04-16T22:42:43","modified_gmt":"2026-04-16T22:42:43","slug":"kaytannon-tietoa","status":"publish","type":"page","link":"https:\/\/sites.abo.fi\/atp2026\/fi\/kaytannon-tietoa\/","title":{"rendered":"K\u00e4yt\u00e4nn\u00f6n tietoa"},"content":{"rendered":"\n<h2 class=\"wp-block-heading\">K\u00e4yt\u00e4nn\u00f6n tietoa<\/h2>\n\n\n\n<p>Tulossa.<\/p>\n","protected":false},"excerpt":{"rendered":"<p>K\u00e4yt\u00e4nn\u00f6n tietoa Tulossa.<\/p>\n","protected":false},"author":6,"featured_media":0,"parent":0,"menu_order":0,"comment_status":"closed","ping_status":"closed","template":"","meta":{"_acf_changed":false,"inline_featured_image":false,"_kad_blocks_custom_css":"","_kad_blocks_head_custom_js":"","_kad_blocks_body_custom_js":"","_kad_blocks_footer_custom_js":"","_kad_post_transparent":"","_kad_post_title":"","_kad_post_layout":"","_kad_post_sidebar_id":"latest-events-sidebar","_kad_post_content_style":"","_kad_post_vertical_padding":"","_kad_post_feature":"","_kad_post_feature_position":"","_kad_post_header":false,"_kad_post_footer":false,"_kad_post_classname":"","footnotes":""},"class_list":["post-684","page","type-page","status-publish","hentry"],"acf":[],"lang":"fi","translations":{"fi":684,"en":55,"sv":683},"taxonomy_info":[],"featured_image_src_large":false,"author_info":{"display_name":"","author_link":"https:\/\/sites.abo.fi\/atp2026\/author\/"},"comment_info":0,"pll_sync_post":[],"_links":{"self":[{"href":"https:\/\/sites.abo.fi\/atp2026\/wp-json\/wp\/v2\/pages\/684","targetHints":{"allow":["GET"]}}],"collection":[{"href":"https:\/\/sites.abo.fi\/atp2026\/wp-json\/wp\/v2\/pages"}],"about":[{"href":"https:\/\/sites.abo.fi\/atp2026\/wp-json\/wp\/v2\/types\/page"}],"author":[{"embeddable":true,"href":"https:\/\/sites.abo.fi\/atp2026\/wp-json\/wp\/v2\/users\/6"}],"replies":[{"embeddable":true,"href":"https:\/\/sites.abo.fi\/atp2026\/wp-json\/wp\/v2\/comments?post=684"}],"version-history":[{"count":5,"href":"https:\/\/sites.abo.fi\/atp2026\/wp-json\/wp\/v2\/pages\/684\/revisions"}],"predecessor-version":[{"id":934,"href":"https:\/\/sites.abo.fi\/atp2026\/wp-json\/wp\/v2\/pages\/684\/revisions\/934"}],"wp:attachment":[{"href":"https:\/\/sites.abo.fi\/atp2026\/wp-json\/wp\/v2\/media?parent=684"}],"curies":[{"name":"wp","href":"https:\/\/api.w.org\/{rel}","templated":true}]}}