{"id":682,"date":"2024-04-29T08:21:12","date_gmt":"2024-04-29T08:21:12","guid":{"rendered":"https:\/\/aboakademi.kmghost.com\/?page_id=14"},"modified":"2026-04-17T11:57:01","modified_gmt":"2026-04-17T08:57:01","slug":"home","status":"publish","type":"page","link":"https:\/\/sites.abo.fi\/atp2026\/fi\/home\/","title":{"rendered":"Koti"},"content":{"rendered":"<style>.kb-row-layout-id682_2ff9f0-68 > .kt-row-column-wrap{align-content:center;}:where(.kb-row-layout-id682_2ff9f0-68 > .kt-row-column-wrap) > .wp-block-kadence-column{justify-content:center;}.kb-row-layout-id682_2ff9f0-68 > .kt-row-column-wrap{column-gap:var(--global-kb-gap-md, 2rem);row-gap:var(--global-kb-gap-md, 2rem);max-width:720px;margin-left:auto;margin-right:auto;padding-top:var(--global-kb-spacing-lg, 3rem);padding-bottom:var(--global-kb-spacing-xxl, 5rem);min-height:510px;grid-template-columns:minmax(0, 1fr);}.kb-row-layout-id682_2ff9f0-68 > .kt-row-layout-overlay{opacity:0.50;background-color:#03cfe4;}.kb-row-layout-id682_2ff9f0-68 ,.kb-row-layout-id682_2ff9f0-68 h1,.kb-row-layout-id682_2ff9f0-68 h2,.kb-row-layout-id682_2ff9f0-68 h3,.kb-row-layout-id682_2ff9f0-68 h4,.kb-row-layout-id682_2ff9f0-68 h5,.kb-row-layout-id682_2ff9f0-68 h6{color:var(--global-palette9, #ffffff);}@media all and (max-width: 1024px){.kb-row-layout-id682_2ff9f0-68 > .kt-row-column-wrap{grid-template-columns:minmax(0, 1fr);}}@media all and (max-width: 767px){.kb-row-layout-id682_2ff9f0-68 > .kt-row-column-wrap{grid-template-columns:minmax(0, 1fr);}}<\/style><div class=\"kb-row-layout-wrap kb-row-layout-id682_2ff9f0-68 alignfull has-theme-palette3-background-color kt-row-has-bg wp-block-kadence-rowlayout\"><div class=\"kt-blocks-carousel kb-blocks-bg-slider kt-carousel-container-dotstyle-dark\"><div class=\"kt-blocks-carousel-init splide kb-blocks-bg-slider-init kt-carousel-arrowstyle-none kt-carousel-dotstyle-dark\" data-slider-anim-speed=\"400\" data-slider-type=\"slider\" data-slider-scroll=\"1\" data-slider-arrows=\"false\" data-slider-fade=\"true\" data-slider-dots=\"true\" data-slider-hover-pause=\"false\" data-slider-auto=\"true\" data-slider-speed=\"7000\" data-show-pause-button=\"false\"><div class=\"splide__track\"><ul class=\"splide__list\"><li class=\"splide__slide kb-bg-slide-contain\"><div  class=\"kb-bg-slide kb-bg-slide-0\" style=\"background-image:url(https:\/\/sites.abo.fi\/atp2026\/wp-content\/uploads\/sites\/31\/2025\/06\/Sample-image-3-scaled.jpg); background-size:cover; background-position:center center; background-repeat:no-repeat;\"><\/div><\/li><\/ul><\/div><\/div><\/div><div class=\"kt-row-layout-overlay kt-row-overlay-normal\"><\/div><div class=\"kt-row-column-wrap kt-has-1-columns kt-row-layout-equal kt-tab-layout-inherit kt-mobile-layout-row kt-row-valign-middle\">\n<style>.kadence-column682_2299a4-7c > .kt-inside-inner-col,.kadence-column682_2299a4-7c > .kt-inside-inner-col:before{border-top-left-radius:0px;border-top-right-radius:0px;border-bottom-right-radius:0px;border-bottom-left-radius:0px;}.kadence-column682_2299a4-7c > .kt-inside-inner-col{column-gap:var(--global-kb-gap-sm, 1rem);}.kadence-column682_2299a4-7c > .kt-inside-inner-col{flex-direction:column;}.kadence-column682_2299a4-7c > .kt-inside-inner-col > .aligncenter{width:100%;}.kadence-column682_2299a4-7c > .kt-inside-inner-col:before{opacity:0.3;}.kadence-column682_2299a4-7c{position:relative;}@media all and (max-width: 1024px){.kadence-column682_2299a4-7c > .kt-inside-inner-col{flex-direction:column;justify-content:center;}}@media all and (max-width: 767px){.kadence-column682_2299a4-7c > .kt-inside-inner-col{flex-direction:column;justify-content:center;}}<\/style>\n<div class=\"wp-block-kadence-column kadence-column682_2299a4-7c\"><div class=\"kt-inside-inner-col\"><style>.wp-block-kadence-advancedheading.kt-adv-heading682_b16d03-6e, .wp-block-kadence-advancedheading.kt-adv-heading682_b16d03-6e[data-kb-block=\"kb-adv-heading682_b16d03-6e\"]{text-align:center;font-style:normal;}.wp-block-kadence-advancedheading.kt-adv-heading682_b16d03-6e mark.kt-highlight, .wp-block-kadence-advancedheading.kt-adv-heading682_b16d03-6e[data-kb-block=\"kb-adv-heading682_b16d03-6e\"] mark.kt-highlight{font-style:normal;color:#f76a0c;-webkit-box-decoration-break:clone;box-decoration-break:clone;padding-top:0px;padding-right:0px;padding-bottom:0px;padding-left:0px;}.wp-block-kadence-advancedheading.kt-adv-heading682_b16d03-6e img.kb-inline-image, .wp-block-kadence-advancedheading.kt-adv-heading682_b16d03-6e[data-kb-block=\"kb-adv-heading682_b16d03-6e\"] img.kb-inline-image{width:150px;vertical-align:baseline;}<\/style>\n<h1 class=\"kt-adv-heading682_b16d03-6e wp-block-kadence-advancedheading\" data-kb-block=\"kb-adv-heading682_b16d03-6e\">Tervetuloa Autismitutkimuksen p\u00e4iv\u00e4\u00e4n 30.10.2026!<\/h1>\n\n\n\n<h2 class=\"wp-block-heading has-text-align-center has--font-size\">Tapahtuma j\u00e4rjestet\u00e4\u00e4n hybridin\u00e4 \u00c5bo Akademissa Turussa sek\u00e4 Zoomissa.<\/h2>\n<\/div><\/div>\n\n<\/div><\/div>\n\n<style>.kb-row-layout-wrap.wp-block-kadence-rowlayout.kb-row-layout-id682_d1a386-ba{margin-top:-90px;}.kb-row-layout-id682_d1a386-ba > .kt-row-column-wrap{align-content:start;}:where(.kb-row-layout-id682_d1a386-ba > .kt-row-column-wrap) > .wp-block-kadence-column{justify-content:start;}.kb-row-layout-id682_d1a386-ba > .kt-row-column-wrap{column-gap:var(--global-kb-gap-md, 2rem);row-gap:var(--global-kb-gap-md, 2rem);padding-top:0px;padding-bottom:0px;grid-template-columns:minmax(0, 1fr);}.kb-row-layout-id682_d1a386-ba > .kt-row-layout-overlay{opacity:0.30;}.kb-row-layout-id682_d1a386-ba{z-index:10;position:relative;}@media all and (max-width: 1024px){.kb-row-layout-id682_d1a386-ba > .kt-row-column-wrap{grid-template-columns:minmax(0, 1fr);}}@media all and (max-width: 767px){.kb-row-layout-id682_d1a386-ba > .kt-row-column-wrap{grid-template-columns:minmax(0, 1fr);}}.kb-row-layout-id682_d1a386-ba .kb-slider-size-fixed .kb-advanced-slide-inner-wrap {  min-height: 0;}<\/style><div class=\"kb-row-layout-wrap kb-row-layout-id682_d1a386-ba alignnone wp-block-kadence-rowlayout\"><div class=\"kt-row-column-wrap kt-has-1-columns kt-row-layout-equal kt-tab-layout-inherit kt-mobile-layout-row kt-row-valign-top\">\n<style>.kadence-column682_fc987d-16 > .kt-inside-inner-col{padding-top:0px;padding-right:0px;padding-bottom:0px;padding-left:0px;}.kadence-column682_fc987d-16 > .kt-inside-inner-col,.kadence-column682_fc987d-16 > .kt-inside-inner-col:before{border-top-left-radius:0px;border-top-right-radius:0px;border-bottom-right-radius:0px;border-bottom-left-radius:0px;}.kadence-column682_fc987d-16 > .kt-inside-inner-col{column-gap:var(--global-kb-gap-sm, 1rem);}.kadence-column682_fc987d-16 > .kt-inside-inner-col{flex-direction:column;}.kadence-column682_fc987d-16 > .kt-inside-inner-col > .aligncenter{width:100%;}.kadence-column682_fc987d-16 > .kt-inside-inner-col:before{opacity:0.3;}.kadence-column682_fc987d-16{position:relative;}@media all and (max-width: 1024px){.kadence-column682_fc987d-16 > .kt-inside-inner-col{flex-direction:column;justify-content:center;}}@media all and (max-width: 767px){.kadence-column682_fc987d-16 > .kt-inside-inner-col{flex-direction:column;justify-content:center;}}<\/style>\n<div class=\"wp-block-kadence-column kadence-column682_fc987d-16\"><div class=\"kt-inside-inner-col\">\n<p><\/p>\n\n\n\n<p><\/p>\n\n\n\n<p><\/p>\n\n\n\n<p><\/p>\n\n\n\n<p><\/p>\n<\/div><\/div>\n\n<\/div><\/div>\n\n\n<div class=\"wp-block-group\"><div class=\"wp-block-group__inner-container is-layout-constrained wp-block-group-is-layout-constrained\"><style>.kb-row-layout-id682_9f18e9-07 > .kt-row-column-wrap{align-content:start;}:where(.kb-row-layout-id682_9f18e9-07 > .kt-row-column-wrap) > .wp-block-kadence-column{justify-content:start;}.kb-row-layout-id682_9f18e9-07 > .kt-row-column-wrap{column-gap:var(--global-kb-gap-md, 2rem);row-gap:var(--global-kb-gap-md, 2rem);padding-top:var(--global-kb-spacing-sm, 1.5rem);padding-bottom:var(--global-kb-spacing-sm, 1.5rem);grid-template-columns:minmax(0, 1fr);}.kb-row-layout-id682_9f18e9-07 > .kt-row-layout-overlay{opacity:0.30;}@media all and (max-width: 1024px){.kb-row-layout-id682_9f18e9-07 > .kt-row-column-wrap{grid-template-columns:minmax(0, 1fr);}}@media all and (max-width: 767px){.kb-row-layout-id682_9f18e9-07 > .kt-row-column-wrap{grid-template-columns:minmax(0, 1fr);}}<\/style><div class=\"kb-row-layout-wrap kb-row-layout-id682_9f18e9-07 alignnone wp-block-kadence-rowlayout\"><div class=\"kt-row-column-wrap kt-has-1-columns kt-row-layout-equal kt-tab-layout-inherit kt-mobile-layout-row kt-row-valign-top\">\n<style>.kadence-column682_204f9c-7c > .kt-inside-inner-col,.kadence-column682_204f9c-7c > .kt-inside-inner-col:before{border-top-left-radius:0px;border-top-right-radius:0px;border-bottom-right-radius:0px;border-bottom-left-radius:0px;}.kadence-column682_204f9c-7c > .kt-inside-inner-col{column-gap:var(--global-kb-gap-sm, 1rem);}.kadence-column682_204f9c-7c > .kt-inside-inner-col{flex-direction:column;}.kadence-column682_204f9c-7c > .kt-inside-inner-col > .aligncenter{width:100%;}.kadence-column682_204f9c-7c > .kt-inside-inner-col:before{opacity:0.3;}.kadence-column682_204f9c-7c{position:relative;}@media all and (max-width: 1024px){.kadence-column682_204f9c-7c > .kt-inside-inner-col{flex-direction:column;justify-content:center;}}@media all and (max-width: 767px){.kadence-column682_204f9c-7c > .kt-inside-inner-col{flex-direction:column;justify-content:center;}}<\/style>\n<div class=\"wp-block-kadence-column kadence-column682_204f9c-7c\"><div class=\"kt-inside-inner-col\"><\/div><\/div>\n\n<\/div><\/div><\/div><\/div>\n\n\n\n<p><\/p>\n\n\n\n<h2 class=\"wp-block-heading\">Esitelm\u00e4kutsu<\/h2>\n\n\n\n<p>Autismitutkimuksen verkosto j\u00e4rjest\u00e4\u00e4 <strong>Autismitutkimuksen p\u00e4iv\u00e4n<\/strong> perjantaina <strong>30.10.2026<\/strong> hybridimuotoisena \u00c5bo Akademissa Turussa sek\u00e4 et\u00e4n\u00e4 Zoomissa. Tutkimusp\u00e4iv\u00e4ss\u00e4 tutkijoiden ja j\u00e4rjest\u00f6kent\u00e4n maailmat kohtaavat \u2013 tilaisuus on oiva mahdollisuus tavata muita tutkijoita ja j\u00e4rjest\u00f6kent\u00e4n edustajia sek\u00e4 edist\u00e4\u00e4 yhteisty\u00f6t\u00e4 aikuisten autistien kanssa Suomessa.<\/p>\n\n\n\n<p>Tutkimusp\u00e4iv\u00e4n teemana on <strong>kieli ja kommunikaatio<\/strong>. Toivotamme tervetulleiksi esitelmi\u00e4 kaikenlaisista autismin kirjoa ja autisteja koskevista tutkimuksista ja tutkimushankkeista, joissa jollain tavalla k\u00e4sitell\u00e4\u00e4n kielt\u00e4 ja kommunikaatiota. Erityisesti toivomme esitelmi\u00e4 itsekin autismin kirjolla olevilta tutkijoilta. Esitelm\u00e4t voivat keskitty\u00e4 mihin tahansa tutkimuksen vaiheeseen, alkavan hankkeen esittelyst\u00e4 valmiimpiin tutkimustuotoksiin. My\u00f6s opinn\u00e4ytety\u00f6t\u00e4 voi esitell\u00e4. Muihin neurokirjon piirteisiin liittyv\u00e4t tutkimukset ovat tervetulleita, mik\u00e4li ne liittyv\u00e4t my\u00f6s autismin kirjoon.<\/p>\n\n\n\n<p><strong>L\u00e4het\u00e4 esitelm\u00e4abstraktisi<\/strong> (enint\u00e4\u00e4n 200 sanaa) <strong>viimeist\u00e4\u00e4n 23.8.2026<\/strong> verkkolomakkeella <a href=\"https:\/\/survey.abo.fi\/lomakkeet\/17439\/lomake.html\" target=\"_blank\" rel=\"noreferrer noopener\">https:\/\/survey.abo.fi\/lomakkeet\/17439\/lomake.html<\/a>. Esitelm\u00e4n pituus on enint\u00e4\u00e4n 30 minuuttia, jota seuraa enint\u00e4\u00e4n 15 minuutin osuus keskustelulle ja kysymyksille. Tilaisuudessa on mahdollista pit\u00e4\u00e4 my\u00f6s 5 minuutin pikaesitelmi\u00e4. Ilmoita lomakkeella, kumman tyyppisen esitelm\u00e4n haluaisit pit\u00e4\u00e4. Esitelmi\u00e4 voi pit\u00e4\u00e4 suomeksi, ruotsiksi ja englanniksi. Ilmoita lomakkeella, mit\u00e4 kielt\u00e4 haluat k\u00e4ytt\u00e4\u00e4, ja kirjoita abstraktisi my\u00f6s sill\u00e4 kielell\u00e4. Ohjelmaan valituille ilmoitetaan valinnoista <strong>15.9.2026<\/strong> ja lopullinen ohjelma julkistetaan <strong>22.9.2026<\/strong>.<\/p>\n\n\n\n<p>Tilaisuus on maksuton, ja siihen voi osallistua joko et\u00e4n\u00e4 tai paikan p\u00e4\u00e4ll\u00e4. Yksityiskohdat liittyen p\u00e4iv\u00e4n aikatauluun ja k\u00e4yt\u00e4nteisiin ilmoitetaan my\u00f6hemmin. Tapahtumaa koskevia mahdollisia kysymyksi\u00e4 voi esitt\u00e4\u00e4 osoitteeseen atp2026@asy.fi.<\/p>\n\n\n\n<p>Autismitutkimuksen verkosto on usean tahon yhteisty\u00f6verkosto tutkijoille, autismikirjon ihmisille, heid\u00e4n l\u00e4heisilleen ja ammattilaisille. Autismitutkimuksen verkosto j\u00e4rjest\u00e4\u00e4 tapahtumia sek\u00e4 kohtaamisia autismitutkimuksesta kiinnostuneille toimijoille. Lue lis\u00e4\u00e4 verkostosta: <a href=\"https:\/\/autismiliitto.fi\/toiminta\/autismitutkimuksen-verkosto\/\" target=\"_blank\" rel=\"noreferrer noopener\">https:\/\/autismiliitto.fi\/toiminta\/autismitutkimuksen-verkosto\/<\/a>.<\/p>\n\n\n\n<p><\/p>\n","protected":false},"excerpt":{"rendered":"<p>Tervetuloa Autismitutkimuksen p\u00e4iv\u00e4\u00e4n 30.10.2026! Tapahtuma j\u00e4rjestet\u00e4\u00e4n hybridin\u00e4 \u00c5bo Akademissa Turussa sek\u00e4 Zoomissa. Esitelm\u00e4kutsu Autismitutkimuksen verkosto j\u00e4rjest\u00e4\u00e4 Autismitutkimuksen p\u00e4iv\u00e4n perjantaina 30.10.2026 hybridimuotoisena \u00c5bo Akademissa Turussa sek\u00e4 et\u00e4n\u00e4 Zoomissa. Tutkimusp\u00e4iv\u00e4ss\u00e4 tutkijoiden ja j\u00e4rjest\u00f6kent\u00e4n maailmat kohtaavat \u2013 tilaisuus on oiva mahdollisuus tavata muita tutkijoita ja j\u00e4rjest\u00f6kent\u00e4n edustajia sek\u00e4 edist\u00e4\u00e4 yhteisty\u00f6t\u00e4 aikuisten autistien kanssa Suomessa. Tutkimusp\u00e4iv\u00e4n teemana on kieli&#8230;<\/p>\n","protected":false},"author":6,"featured_media":0,"parent":0,"menu_order":0,"comment_status":"closed","ping_status":"closed","template":"","meta":{"_acf_changed":false,"inline_featured_image":false,"_kad_blocks_custom_css":"","_kad_blocks_head_custom_js":"","_kad_blocks_body_custom_js":"","_kad_blocks_footer_custom_js":"","_kad_post_transparent":"","_kad_post_title":"","_kad_post_layout":"normal","_kad_post_sidebar_id":"","_kad_post_content_style":"unboxed","_kad_post_vertical_padding":"","_kad_post_feature":"","_kad_post_feature_position":"","_kad_post_header":false,"_kad_post_footer":false,"_kad_post_classname":"","footnotes":""},"class_list":["post-682","page","type-page","status-publish","hentry"],"acf":[],"lang":"fi","translations":{"fi":682,"en":14,"sv":681},"taxonomy_info":[],"featured_image_src_large":false,"author_info":{"display_name":"","author_link":"https:\/\/sites.abo.fi\/atp2026\/author\/"},"comment_info":0,"pll_sync_post":[],"_links":{"self":[{"href":"https:\/\/sites.abo.fi\/atp2026\/wp-json\/wp\/v2\/pages\/682","targetHints":{"allow":["GET"]}}],"collection":[{"href":"https:\/\/sites.abo.fi\/atp2026\/wp-json\/wp\/v2\/pages"}],"about":[{"href":"https:\/\/sites.abo.fi\/atp2026\/wp-json\/wp\/v2\/types\/page"}],"author":[{"embeddable":true,"href":"https:\/\/sites.abo.fi\/atp2026\/wp-json\/wp\/v2\/users\/6"}],"replies":[{"embeddable":true,"href":"https:\/\/sites.abo.fi\/atp2026\/wp-json\/wp\/v2\/comments?post=682"}],"version-history":[{"count":20,"href":"https:\/\/sites.abo.fi\/atp2026\/wp-json\/wp\/v2\/pages\/682\/revisions"}],"predecessor-version":[{"id":965,"href":"https:\/\/sites.abo.fi\/atp2026\/wp-json\/wp\/v2\/pages\/682\/revisions\/965"}],"wp:attachment":[{"href":"https:\/\/sites.abo.fi\/atp2026\/wp-json\/wp\/v2\/media?parent=682"}],"curies":[{"name":"wp","href":"https:\/\/api.w.org\/{rel}","templated":true}]}}